 number?
True
Is 32927 a composite number?
True
Is 18169 a composite number?
False
Is 37039 composite?
False
Is 228953 a prime number?
True
Is 3359 a prime number?
True
Is 10715 a prime number?
False
Is 1086009 composite?
True
Is 11071 a composite number?
False
Is 311843 prime?
False
Is 4189 a composite number?
True
Is 13001 prime?
True
Is 208253 composite?
False
Is 1102043 a composite number?
True
Is 9101 a prime number?
False
Is 3639 prime?
False
Is 4819 a prime number?
False
Is 194105 prime?
False
Is 8503 prime?
False
Is 1011 a prime number?
False
Is 11099 a composite number?
True
Is 1399 prime?
True
Is 212533 a composite number?
True
Is 116531 a composite number?
False
Is 11923 composite?
False
Is 743507 prime?
True
Is 162179 a composite number?
True
Is 39659 composite?
False
Is 317887 a prime number?
True
Is 9743 prime?
True
Is 4867 prime?
False
Is 1253 prime?
False
Is 653057 prime?
True
Is 522569 prime?
True
Is 1475521 prime?
False
Is 6443 a prime number?
False
Is 75883 a composite number?
False
Is 301487 composite?
False
Is 5579 prime?
False
Is 1179317 prime?
True
Is 39499 a composite number?
False
Is 16781 prime?
False
Is 101737 prime?
True
Is 277409 composite?
True
Is 10606 a prime number?
False
Is 18013 composite?
False
Is 4271 a composite number?
False
Is 81409 composite?
False
Is 47849 prime?
False
Is 285479 prime?
False
Is 51647 prime?
True
Is 61211 a prime number?
True
Is 155201 a prime number?
True
Is 72595 composite?
True
Is 69089 prime?
False
Is 213691 a composite number?
True
Is 16234 prime?
False
Is 58323 a prime number?
False
Is 628085 composite?
True
Is 33109 a composite number?
True
Is 67369 prime?
True
Is 16255 composite?
True
Is 51586 a prime number?
False
Is 2221 a composite number?
False
Is 40409 a composite number?
True
Is 423103 a prime number?
True
Is 75869 a prime number?
True
Is 8842 a prime number?
False
Is 648509 prime?
True
Is 308849 a composite number?
False
Is 3641 prime?
False
Is 287 a prime number?
False
Is 763297 composite?
True
Is 72859 prime?
True
Is 823687 composite?
True
Is 4859 prime?
False
Is 143161 composite?
True
Is 49099 a prime number?
False
Is 12667 prime?
False
Is 2939 prime?
True
Is 1451 a composite number?
False
Is 15479 composite?
True
Is 797 composite?
False
Is 1499 prime?
True
Is 12851 a composite number?
True
Is 339613 composite?
False
Is 24589 composite?
True
Is 2729159 prime?
True
Is 93463 prime?
True
Is 112978 a composite number?
True
Is 217229 a prime number?
True
Is 274451 a composite number?
False
Is 4421 composite?
False
Is 2579 prime?
True
Is 1422053 a composite number?
True
Is 187721 prime?
True
Is 368899 prime?
True
Is 41437 a prime number?
False
Is 1895 prime?
False
Is 6982581 composite?
True
Is 59863 composite?
False
Is 273251 prime?
False
Is 347 composite?
False
Is 1795091 a composite number?
False
Is 6943 a composite number?
True
Is 6779 prime?
True
Is 12583 a prime number?
True
Is 16015 a prime number?
False
Is 192957 a prime number?
False
Is 12179 composite?
True
Is 94873 prime?
True
Is 115681 composite?
True
Is 325747 prime?
True
Is 6803 composite?
False
Is 52361 composite?
False
Is 65663 prime?
False
Is 118267 composite?
True
Is 30773 composite?
False
Is 499 a prime number?
True
Is 6127 composite?
True
Is 2135891 composite?
False
Is 11255 a prime number?
False
Is 3365 composite?
True
Is 194767 composite?
False
Is 25013 a prime number?
True
Is 22937 composite?
False
Is 4327 composite?
False
Is 193049 composite?
True
Is 4101 composite?
True
Is 5809 a composite number?
True
Is 307315 a composite number?
True
Is 44329 composite?
True
Is 208617 a composite number?
True
Is 21787 a prime number?
True
Is 6007 prime?
True
Is 2931 a composite number?
True
Is 511253 prime?
False
Is 40133 a composite number?
True
Is 296627 prime?
True
Is 79721 prime?
False
Is 67839 a composite number?
True
Is 103919 a prime number?
True
Is 21433 composite?
False
Is 4328851 a composite number?
False
Is 11659 a composite number?
True
Is 198013 a prime number?
True
Is 242863 a composite number?
False
Is 29453 composite?
False
Is 5737 prime?
True
Is 39067 composite?
True
Is 312118 a composite number?
True
Is 9565 prime?
False
Is 39787 composite?
True
Is 98179 composite?
False
Is 22891 composite?
True
Is 50207 a composite number?
False
Is 5989 composite?
True
Is 127849 composite?
False
Is 256697 composite?
True
Is 60407 prime?
False
Is 963893 a composite number?
True
Is 116719 prime?
True
Is 2437813 composite?
True
Is 40735 a composite number?
True
Is 15253 a composite number?
True
Is 1139063 a composite number?
True
Is 19477 a composite number?
False
Is 95561 a composite number?
False
Is 4201 a composite number?
False
Is 52667 a composite number?
False
Is 12841 a composite number?
False
Is 141439 a prime number?
True
Is 3007 a composite number?
True
Is 170137 a composite number?
True
Is 631 composite?
False
Is 3079 composite?
False
Is 293033 prime?
False
Is 37753 prime?
False
Is 18519 a composite number?
True
Is 4139 a composite number?
False
Is 2179 a composite number?
False
Is 1106267 a composite number?
False
Is 247099 composite?
False
Is 4583 composite?
False
Is 1228903 a prime number?
False
Is 84887 a composite number?
True
Is 500863 prime?
False
Is 4835 prime?
False
Is 262445 a composite number?
True
Is 2183029 prime?
True
Is 227717 prime?
False
Is 152479 composite?
True
Is 73217 prime?
False
Is 256441 a prime number?
True
Is 145165 a composite number?
True
Is 629197 composite?
True
Is 10546 composite?
True
Is 29487 composite?
True
Is 134911 a prime number?
False
Is 15659 composite?
True
Is 32605 prime?
False
Is 85589 prime?
False
Is 73417 prime?
True
Is 26409 a prime number?
False
Is 44617 a composite number?
False
Is 152563 a composite number?
False
Is 64399 prime?
True
Is 87011 prime?
True
Is 12373 a composite number?
False
Is 16579 prime?
False
Is 1621 prime?
True
Is 39499 composite?
False
Is 73847 a composite number?
False
Is 635 prime?
False
Is 33157 composite?
True
Is 372181 composite?
True
Is 793 prime?
False
Is 2909 a prime number?
True
Is 228049 a composite number?
False
Is 343433 composite?
False
Is 87473 a composite number?
False
Is 4861 a prime number?
True
Is 107773 a prime number?
True
Is 1613363 composite?
False
Is 3639 prime?
False
Is 1030045 prime?
False
Is 171233 prime?
True
Is 10159 prime?
True
Is 311774 prime?
False
Is 1366 prime?
False
Is 2563 a prime number?
False
Is 58885 prime?
False
Is 113809 prime?
True
Is 1639 a prime number?
False
Is 753 composite?
True
Is 12763 a prime number?
True
Is 1991 composite?
True
Is 13643 a composite number?
True
Is 5581 composite?
False
Is 18899 prime?
True
Is 42691 composite?
True
Is 625915 composite?
True
Is 82781 a prime number?
True
Is 119 prime?
False
Is 241559 prime?
True
Is 290237 a composite number?
True
Is 25741 a composite number?
False
Is 42281 a composite number?
False
Is 781849 prime?
False
Is 36107 a composite number?
False
Is 1017919 a composite number?
True
Is 227453 a composite number?
False
Is 96149 a composite number?
False
Is 6023 a composite number?
True
Is 154127 a prime number?
True
Is 22807 a prime number?
True
Is 7921 composite?
True
Is 1241 a prime number?
False
Is 708457 composite?
False
Is 9287 a prime number?
False
Is 23663 a composite number?
False
Is 22567 prime?
True
Is 199081 a prime number?
True
Is 11659 a prime number?
False
Is 69359 a composite number?
True
Is 5651465 a composite number?
True
Is 80849 a composite number?
False
Is 14047 a composite number?
True
Is 28751 a composite number?
False
Is 41003 composite?
True
Is 30021 a composite number?
True
Is 147751 composite?
True
Is 302891 composite?
False
Is 3299 composite?
False
Is 3779 composite?
False
Is 109807 prime?
True
Is 8539 a composite number?
False
Is 493 prime?
False
Is 157777 a prime number?
False
Is 23411 prime?
False
Is 296521 prime?
False
Is 12391 a composite number?
False
Is 10427 prime?
True
Is 241691 composite?
False
Is 11707 prime?
False
Is 2291827 prime?
True
Is 152879 prime?
True
Is 6434 a prime number?
False
Is 74821 a prime number?
True
Is 105991 a prime number?
False
Is 2179 a composite number?
False
Is 269429 composite?
False
Is 2071645 prime?
False
Is 22961 composite?
False
Is 925237 a prime number?
True
Is 678133 a composit